at is the remainder when 1/(-4) + o/(-8) is divided by 11?
9
Let v be 1 + (-2)/(-2 - 0). Suppose -q - 3*h - v = -1, 2*q - 2*h = 6. Let a = -1 - -3. Calculate the remainder when a is divided by q.
0
Suppose -2*c + 3*c - 15 = 0. Suppose -5*z - w = -3*w - 35, 0 = 3*w + c. What is the remainder when 7 is divided by z?
2
Calculate the remainder when (-3)/9 + (-38)/(-6) is divided by -3 + 6 + 0 + 0.
0
Let i be (-1)/(-3)*(4 - 10). Calculate the remainder when 30 is divided by (i - (10 + -1))/(-1).
8
Let y be 5 - (1 + (-2)/(-1)). Suppose 22 = 3*l + 5*p, -l - y*p + 10 = -3*p. What is the remainder when l is divided by 5?
4
Let d = 7 + -4. Suppose -5*y - 15 = -w, 0*w + 37 = 4*w + d*y. What is the remainder when w is divided by 4?
2
Let x(h) = 2*h - 11. Let u be x(-12). What is the remainder when u/2*24/(-30) is divided by 5?
4
Suppose -h + i + 114 = 0, -5*h + 0*i + 552 = 4*i. Calculate the remainder when h is divided by 23.
20
Calculate the remainder when 134 is divided by 4 - (3/(-2) + (-29)/2).
14
Let n be (-1)/(-4) + (-237)/(-12). Suppose 3*y + n = 8*y. Calculate the remainder when 11 is divided by y.
3
What is the remainder when (-12)/(-8)*-2 + 57 is divided by 14?
12
Let r(t) = 2*t**2 + 3*t. Let i = -47 - -125. Calculate the remainder when i is divided by r(-4).
18
Let j = -45 - -50. Calculate the remainder when 9 is divided by j.
4
Let y(u) = 7*u. Let m(b) be the second derivative of -b**4/12 + 2*b**3/3 + 3*b**2 + 2*b. Let n be m(5). Calculate the remainder when y(n) is divided by 2.
1
Let c(f) = 3*f - 2. Let t be c(5). Suppose 5*j + 128 = -4*h, 2*h + 51 = 3*j - t. Let u = 49 + h. Calculate the remainder when 32 is divided by u.
15
What is the remainder when 2225/13 + (-22)/143 is divided by 45?
36
Let w = 1 - -2. Calculate the remainder when 6 is divided by w.
0
Suppose 150 = -2*l - l. Let u = 91 + l. What is the remainder when u is divided by 14?
13
Suppose -8 = 3*r + r, 5*c = -2*r - 4. Let u(f) = -f + 24. What is the remainder when u(c) is divided by 13?
11
Let r = -18 - -23. Calculate the remainder when 14 is divided by r.
4
Let r be 3 - 1 - (2 - 0). Suppose 2*g - 9 - 15 = r. What is the remainder when 22 is divided by g?
10
Let q(n) = n - 1. Let c(z) = -z. Let v(l) = -2*c(l) - q(l). Let k = 78 - 73. What is the remainder when k is divided by v(1)?
1
Let d(a) = 7*a - 2. Calculate the remainder when 8 is divided by d(1).
3
Suppose -8*k + 343 = -k. Calculate the remainder when k is divided by 17.
15
Let p(r) = -r**2 + 15*r - 10. What is the remainder when p(11) is divided by 20?
14
Suppose 0 = -b - 0 + 18. Suppose 0 = -z + 7. What is the remainder when b is divided by z?
4
Let h = 69 - 40. Calculate the remainder when 6/45*-3*6215/(-22) is divided by h.
26
Let a(o) = -o**3 - 8*o**2 + 19*o + 8. Calculate the remainder when a(-10) is divided by 5.
3
Let q = 2 - 37. Suppose -2*t - 6 = 0, -2*t - 131 = 3*x + 2*x. Let n = x - q. What is the remainder when 29 is divided by n?
9
Let u be 2/4*132/11. Suppose u = -3*x, -4*p + 3*x - 17 = -63. Calculate the remainder when 39 is divided by p.
9
Let r(l) = -10*l**3 + 2*l**2 - 1. Let n(f) = 8*f - 3. What is the remainder when n(3) is divided by r(-1)?
10
Suppose -7*i + 121 = -124. Calculate the remainder when 172 is divided by i.
32
Calculate the remainder when (-2)/4 + 130/4 is divided by 5*((-440)/25)/(-8).
10
Suppose -46 = -2*p + 14. Suppose s - 5*s = -64. Calculate the remainder when p is divided by s.
14
Let p = 38 + -21. Suppose 3*j = 4*l + 16, 5 = -4*l + 25. Suppose 0 = -4*t + 12 + j. Calculate the remainder when p is divided by t.
5
Let p be (12/(-10))/(1/(-5)). Let u be (3 + -2)*(1 + p). Suppose 0*s - s = -u. What is the remainder when 20 is divided by s?
6
Let q = 44 - 23. Let u be 12/10*140/q. Let l = 9 + u. What is the remainder when 50 is divided by l?
16
Let b(g) = 3*g**2 + 11*g - 51. What is the remainder when 119 is divided by b(4)?
37
Suppose 2*j + 4 = 0, 2*y - 86 - 198 = -3*j. What is the remainder when y is divided by 50?
45
Calculate the remainder when ((-162)/30)/((-3)/10) is divided by 5.
3
Suppose p = -3*p + 152. Let g be (1 - 3)/(2/5). Let v = 8 - g. What is the remainder when p is divided by v?
12
Let w be 2 + (-4)/2 + -2. Let q be w/6 - (-1)/3. Suppose q = -2*j + 24 - 8. What is the remainder when 23 is divided by j?
7
Let x = 82 - -3. Let m = x + -58. What is the remainder when m is divided by 15?
12
What is the remainder when 53 is divided by (-13)/13 - 12/(-1)?
9
Let x(n) = -n**2 + 9*n + 7. Let k be x(7). Suppose -k = -p + 3*d, 66 = 4*p - 4*d + d. Calculate the remainder when 43 is divided by p.
13
Let c(p) = -2*p**3. Let q be c(1). Let l = 4 - q. What is the remainder when 9 is divided by l?
3
Let i(c) be the third derivative of c**5/60 - c**4/24 + c**3/2 - 2*c**2. Calculate the remainder when i(0) is divided by 1.
0
Let n = -1 - -2. Let j = 9 - n. What is the remainder when 23 is divided by j?
7
Calculate the remainder when (-2 + -1 + 2)*-8 is divided by 3.
2
Suppose 0 = -w + 30 - 18. Calculate the remainder when 21 is divided by w.
9
Let r = 0 + 31. Calculate the remainder when r is divided by 11.
9
Let g(i) = -i**2 - 9*i - 17. What is the remainder when 7 is divided by g(-6)?
0
Let g be 12/(-8)*56/(-6). Suppose 2*r = 3*p + 22, 0*r + g = 2*r + p. Let w(u) = u**3 + 5*u**2 + 3*u - 1. Calculate the remainder when r is divided by w(-4).
2
Let j(i) = -i**3 - 4*i**2 + i - 8. Calculate the remainder when j(-6) is divided by 6.
4
Let d be ((-14)/(-6))/((-1)/9). Let a = 34 + d. Calculate the remainder when a is divided by 5.
3
Let n = 49 - 20. Calculate the remainder when n is divided by 6.
5
Let t = 51 - 14. Calculate the remainder when t is divided by 13.
11
Suppose 2*p = 3*q + 99, 5*p = 2*q + 2*q + 244. Suppose i + 51 = 126. Suppose d + 2*d - i = 0. What is the remainder when p is divided by d?
23
Suppose -3*a = a - 88. Suppose w = 2*w - a. Calculate the remainder when w is divided by 12.
10
Let o(t) = -t**2 + 4*t - 2. Let h be o(4). Let u = h - -11. Calculate the remainder when 25 is divided by u.
7
Suppose 41 = 5*z - 39. What is the remainder when z is divided by 5?
1
Suppose -2*b - 14 = f + 4*f, -3*b = -f - 13. What is the remainder when 43 is divided by b?
1
Suppose 3*q + 238 + 974 = 5*l, 2*l = -2*q + 488. Calculate the remainder when l is divided by 49.
47
Let b = -58 + 97. What is the remainder when 152 is divided by b?
35
Suppose -1 = w - 28. Let n = 346 + -295. Calculate the remainder when n is divided by w.
24
Suppose -4 - 6 = 5*x. Let c be (15/x)/3*-2. Suppose -c*j = -18 - 27. Calculate the remainder when 25 is divided by j.
7
Let o be 1/(-1) - 120/2. Let i = 123 + o. What is the remainder when i is divided by 21?
20
Let h(c) be the first derivative of 46*c**3/3 - c**2 - c + 1. Suppose 0 = -l - 3*d + 7, 0 = 5*d + 5 + 10. Calculate the remainder when h(-1) is divided by l.
15
Suppose 2*s - 11 = 17. Calculate the remainder when (-6)/75 + (-3)/(75/(-1027)) is divided by s.
13
Let k(m) = m**3 - 17*m**2 - m + 25. What is the remainder when 37 is divided by k(17)?
5
Suppose 3*n + 2 + 7 = 0. Let p be 6*2/((-6)/n). Suppose k - p = t, -2*k - 5*t - 3 = -4*k. Calculate the remainder when 17 is divided by k.
8
Let m = -40 - -81. Calculate the remainder when m is divided by 11.
8
Suppose 6*y - 2*y = 72. Suppose 3*j - 8*j = -55. Calculate the remainder when y is divided by j.
7
Let o(z) = -z**2 - 7*z - 6. What is the remainder when 456/21 - (-4 + 156/42) is divided by o(-4)?
4
Let q(d) = -d**3 + 7*d**2 + 9*d - 6. Let a = -2 - -7. What is the remainder when a is divided by q(8)?
1
Suppose -4*y - 16 = 0, -q - y + 2 = -0*q. What is the remainder when q is divided by 4?
2
What is the remainder when 65 is divided by 16 - ((-1)/(-2) - (-15)/(-10))?
14
Let z(f) = 10*f + 1. What is the remainder when 21 is divided by z(1)?
10
Let r = 2 - 14. Let p = 24 - r. What is the remainder when p is divided by 13?
10
Suppose 369 - 1093 = -4*h. What is the remainder when h is divided by 13?
12
Let o(l) = 6*l**3 + 2*l**2 + 2*l + 1. Let j be o(-1). Let u = j - -3. What is the remainder when 8 is divided by 6*(1 + 1/u)?
2
Let u(z) = 2*z - 7. Suppose a = -2*j - 2, -5*a + 2 = -3*a - 2*j. Let s be 18/(-15)*(-5 + a). What is the remainder when 13 is divided by u(s)?
3
Suppose -12 = -4*o, 8 = 6*i - 4*i - 4*o. S